he prime factors of 884434508.
2, 743, 297589
What are the prime factors of 36783461?
11, 13, 17, 15131
What are the prime factors of 71184149?
23, 59, 52457
List the prime factors of 48614543.
17, 977, 2927
List the prime factors of 3888969339.
3, 29, 44700797
List the prime factors of 1257523539.
3, 419174513
What are the prime factors of 50779169?
7, 7254167
List the prime factors of 134987007.
3, 44995669
List the prime factors of 4103193917.
4103193917
What are the prime factors of 1954692299?
7, 97, 137, 21013
List the prime factors of 315799686.
2, 3, 17544427
What are the prime factors of 42971744?
2, 331, 4057
List the prime factors of 27733122.
2, 3, 19, 83, 977
What are the prime factors of 59331792?
2, 3, 13, 95083
What are the prime factors of 44451134?
2, 7, 13, 23, 37, 41
List the prime factors of 153468547.
153468547
List the prime factors of 121521643.
31, 1237, 3169
What are the prime factors of 719106379?
719106379
List the prime factors of 594672114.
2, 3, 3511, 28229
List the prime factors of 7347169020.
2, 3, 5, 122452817
List the prime factors of 173439145.
5, 11, 3153439
List the prime factors of 60902435.
5, 11, 1107317
What are the prime factors of 805433340?
2, 3, 5, 2113, 6353
What are the prime factors of 3335230099?
523, 6377113
What are the prime factors of 178967245?
5, 17, 2105497
What are the prime factors of 861728057?
4421, 194917
List the prime factors of 113152841.
113152841
List the prime factors of 3091984.
2, 7, 19, 1453
List the prime factors of 855641398.
2, 427820699
List the prime factors of 3504542316.
2, 3, 11, 17, 91867
What are the prime factors of 4751501971?
24001, 197971
What are the prime factors of 2627815760?
2, 5, 157, 209221
List the prime factors of 1268529166.
2, 23, 27576721
What are the prime factors of 180337295?
5, 36067459
List the prime factors of 7656871761.
3, 7, 11, 83, 2113
What are the prime factors of 325461021?
3, 151, 718457
What are the prime factors of 344775956?
2, 7, 271, 6491
What are the prime factors of 373801353?
3, 124600451
List the prime factors of 79163561.
79163561
List the prime factors of 550007408.
2, 34375463
List the prime factors of 57659589.
3, 13, 167, 227
What are the prime factors of 4679427354?
2, 3, 7, 1381, 80677
What are the prime factors of 81653115?
3, 5, 5443541
List the prime factors of 168550959.
3, 41, 89, 173
What are the prime factors of 23480264?
2, 17, 172649
What are the prime factors of 436085501?
20177, 21613
List the prime factors of 2277548648.
2, 53, 773, 6949
List the prime factors of 2131546560.
2, 3, 5, 11, 13, 15527
List the prime factors of 155822590.
2, 5, 7, 11, 18397
What are the prime factors of 436496624?
2, 17, 1123, 1429
List the prime factors of 12770675.
5, 510827
What are the prime factors of 977243285?
5, 195448657
List the prime factors of 7958026804.
2, 7, 13, 19, 88513
List the prime factors of 5764457505.
3, 5, 384297167
List the prime factors of 99541293.
3, 33180431
What are the prime factors of 6224456?
2, 7, 41, 2711
List the prime factors of 617170160.
2, 5, 19, 47, 53, 163
What are the prime factors of 270309053?
7, 38615579
What are the prime factors of 1631191?
1631191
List the prime factors of 68352241.
31, 43, 47, 1091
What are the prime factors of 126537456?
2, 3, 2636197
List the prime factors of 16405997.
16405997
What are the prime factors of 47132339?
37, 659, 1933
List the prime factors of 4022605255.
5, 804521051
What are the prime factors of 318056963?
7, 4231, 10739
List the prime factors of 5521794210.
2, 3, 5, 61353269
List the prime factors of 131043783.
3, 13, 258469
List the prime factors of 77035248.
2, 3, 31, 17257
List the prime factors of 129541007.
4787, 27061
What are the prime factors of 1047052382?
2, 853, 613747
List the prime factors of 49469735.
5, 7, 853, 1657
List the prime factors of 2192300910.
2, 3, 5, 8119633
List the prime factors of 95556853.
7, 13650979
What are the prime factors of 111117226?
2, 11, 5050783
List the prime factors of 17625342.
2, 3, 7, 419651
List the prime factors of 357733288.
2, 11, 73, 233, 239
List the prime factors of 405382562.
2, 13, 67, 232711
What are the prime factors of 3038000955?
3, 5, 11, 43, 353, 1213
List the prime factors of 12738896.
2, 796181
List the prime factors of 3174020299.
2251, 1410049
What are the prime factors of 590060243?
79, 7469117
What are the prime factors of 39163103?
7, 71, 11257
List the prime factors of 19281343.
179, 107717
List the prime factors of 1821608368.
2, 113850523
List the prime factors of 320180562.
2, 3, 13, 23, 41, 1451
List the prime factors of 31111522.
2, 13, 1196597
List the prime factors of 242228470.
2, 5, 11, 2202077
What are the prime factors of 83504132?
2, 3557, 5869
What are the prime factors of 15013145?
5, 7, 31, 101, 137
What are the prime factors of 19393797?
3, 773, 8363
What are the prime factors of 1487541120?
2, 3, 5, 13, 61, 977
List the prime factors of 2760515639.
7, 394359377
List the prime factors of 570033462.
2, 3, 4931, 19267
List the prime factors of 19514093.
293, 66601
What are the prime factors of 126322209?
3, 13, 383, 2819
What are the prime factors of 5607906836?
2, 7, 200282387
List the prime factors of 14047341.
3, 7, 11, 60811
List the prime factors of 43836626.
2, 41, 67, 79, 101
List the prime factors of 15002884.
2, 13, 31, 41, 227
What are the prime factors of 102551972?
2, 25637993
List the prime factors of 6783869109.
3, 29, 61, 1278287
What are the prime factors of 939714567?
3, 11, 37, 769627
List the prime factors of 219563196.
2, 3, 18296933
List the prime factors of 552657785.
5, 29, 3811433
List the prime factors of 13536511.
13536511
List the prime factors of 74785312.
2, 7, 17, 41, 479
List the prime factors of 13130132.
2, 3282533
What are the prime factors of 1117001300?
2, 5, 31, 360323
List the prime factors of 3653088228.
2, 3, 103, 328397
List the prime factors of 2556748280.
2, 5, 63918707
List the prime factors of 73642381.
73642381
What are the prime factors of 88046117?
29, 3036073
List the prime factors of 1729219506.
2, 3, 7, 5881699
What are the prime factors of 1274659800?
2, 3, 5, 229, 9277
What are the prime factors of 135426494?
2, 7, 89, 15527
What are the prime factors of 160612135?
5, 79, 5147
What are the prime factors of 7622334?
2, 3, 423463
What are the prime factors of 434888694?
2, 3, 1637, 14759
List the prime factors of 69584235.
3, 5, 7, 37, 17911
What are the prime factors of 119402325?
3, 5, 7, 47, 1613
What are the prime factors of 342943433?
7, 89, 550471
What are the prime factors of 4707480676?
2, 17, 331, 209147
List the prime factors of 6565373027.
6565373027
List the prime factors of 215137915.
5, 43027583
What are the prime factors of 19473279?
3, 7, 17, 54547
List the prime factors of 568580869.
568580869
List the prime factors of 201354009.
3, 67118003
What are the prime factors of 215576788?
2, 7, 67, 114913
List the prime factors of 36498497.
7, 5214071
What are the prime factors of 1544887814?
2, 18457, 41851
What are the prime factors of 1234567926?
2, 3, 43, 107, 4969
List the prime factors of 1527010750.
2, 5, 79, 77317
What are the prime factors of 99233826?
2, 3, 47, 293, 1201
What are the prime factors of 47517904?
2, 7, 424267
What are the prime factors of 1926843363?
3, 71364569
What are the prime factors of 1416869178?
2, 3, 19, 43, 289039
What are the prime factors of 61134315?
3, 5, 11, 370511
What are the prime factors of 89594583?
3, 13, 2297297
What are the prime factors of 189225181?
17, 11130893
What are the prime factors of 41260603?
41260603
List the prime factors of 1133495788.
2, 7321, 38707
List the prime factors of 119959677.
3, 31, 251, 571
What are the prime factors of 14012555?
5, 2802511
What are the prime factors of 15140024?
2, 1892503
What are the prime factors of 3442903098?
2, 3, 227, 647, 3907
What are the prime factors of 136063267?
136063267
What are the prime factors of 203957403?
3, 13, 1693, 3089
List the prime factors of 1239268077.
3, 1361, 101173
List the prime factors of 1142301208.
2, 7717, 18503
What are the prime factors of 665719752?
2, 3, 27738323
List the prime factors of 23338429.
23338429
What are the prime factors of 27462189?
3, 827, 11069
What are 